5 = -3*w + 8*w. What is the remainder when w is divided by 25?
24
Let c = 70 + -47. Let s = -31 + 43. What is the remainder when c is divided by s?
11
Suppose 0 = 5*g - 153 + 33. Suppose 3*r - 20 = -2*b, -3*b - 2*r = b - g. Suppose -b*f + 40 = -0*f. What is the remainder when 29 is divided by f?
9
What is the remainder when (-40)/(-2) - (-4 - -3) is divided by 1*(1 - -14) - 3?
9
Let i(g) be the first derivative of 4*g - 5/3*g**3 - 2 - 1/4*g**4 - 1/2*g**2. Calculate the remainder when i(-6) is divided by 16.
14
Calculate the remainder when 19 is divided by (-4)/16*0 + 11.
8
Let r = 138 - 96. Calculate the remainder when r is divided by (-4)/10 - (-188)/20.
6
Suppose 3*t - h + 168 = -5*h, 0 = 2*t + 4*h + 108. Let b = 10 - t. What is the remainder when b is divided by 18?
16
Let b(f) be the first derivative of f**4/4 + 5*f**3/3 + 2*f**2 + 2*f + 1. Let o = -13 + 9. What is the remainder when b(o) is divided by 2?
0
Suppose z + 1 + 2 = 0. What is the remainder when 15 is divided by (-12)/(z/(3/2))?
3
Let n be 7/2 + 2/(-4). Suppose 5*b + 3*l = b - 3, -n*b - 6 = 3*l. Suppose -2*s + b*s = 11. Calculate the remainder when s is divided by 4.
3
Let a be -1 + (-2)/(-3 - -2). Calculate the remainder when 1/(a + 66/(-69)) is divided by 8.
7
Suppose t - 90 = -4*t. What is the remainder when (-200)/(-9) + -2*3/27 is divided by (0 - t)*2/(-3)?
10
Let y = -27 - -248. What is the remainder when y is divided by 32?
29
Let k = 33 - 18. Let o(q) = 2*q**2 + q - 2. Calculate the remainder when k is divided by o(-2).
3
Let l be 2/1 - 7 - -3. Calculate the remainder when 20 is divided by 18/2 - (l + 0).
9
Let a(x) = 7*x**2 + x + 2. Calculate the remainder when a(2) is divided by 17.
15
Let q = 19 + 38. What is the remainder when q is divided by 30?
27
Let i be (-8)/(-28) + 2420/7. What is the remainder when (-3)/12 + i/8 is divided by 15?
13
Let g(s) = s**2 + 3*s + 28. What is the remainder when 110 is divided by g(0)?
26
Let y be 0 - 1 - (-1 - 5). Suppose 9 - 49 = -y*v. What is the remainder when 3 is divided by v/(-20) - (-12)/5?
1
Let j = -57 + 69. What is the remainder when 5*92/10*1 is divided by j?
10
Let o = -1 + 20. Suppose 2*a - 123 = -a - 3*f, -5*a + f + 175 = 0. Calculate the remainder when a is divided by o.
17
Suppose 4*p - 32 = -4*j - p, p - 48 = -4*j. What is the remainder when 76 is divided by j?
11
Suppose -2 = -v + 1. Suppose 0 = -5*m + 5, -v*m - 64 = -3*w - 4*m. Suppose -w = -2*q - 1. Calculate the remainder when 29 is divided by q.
9
Let g = -13 - -18. Suppose -9 = -g*o + 2*o. Let q(d) = -d**2 + 3*d + 5. What is the remainder when q(3) is divided by o?
2
Suppose 0 = -4*j - 0*j + 40. Suppose 3*h + 4*b - 179 = 8*h, -129 = 3*h + 3*b. Let s = h - -57. What is the remainder when s is divided by j?
8
Let g = 16 + -9. Suppose 0 = 5*t - 9 - 16. Suppose 2*s - t = g. What is the remainder when 11 is divided by s?
5
Let t = 2 + 0. Let w(z) = -z**3 + 4*z**2 - 2*z + 1. Let a be 3/((-3)/(0 + -3)). What is the remainder when w(a) is divided by t?
0
Let m(o) = o**3 - 2*o. Let u be m(-2). Let a(y) = 4*y**2 - 3*y + 3. What is the remainder when a(u) is divided by 27?
25
Let x = 12 + -8. Suppose x*j = 5*l + 77, -6*j + 27 = -2*j + 5*l. What is the remainder when 50 is divided by j?
11
Let r = -23 + 43. Suppose p - s = 3*p - 365, -2*p + 385 = -3*s. Suppose -3*t = 2*b - p, -4*t - 5*b - 110 = -366. Calculate the remainder when t is divided by r.
19
What is the remainder when 57 is divided by 2 + 1 + -24 + 50?
28
Let x(t) = t**2 + 2*t + 2. Let m be x(-3). What is the remainder when 13 is divided by (8/2)/(m/10)?
5
Let h(o) = -o**2 - 20*o - 30. What is the remainder when 27 is divided by h(-18)?
3
Let u be 172/8 - (-2)/4. Suppose -u = -0*o - 2*o. What is the remainder when 125/4 - 1/4 is divided by o?
9
Let f(q) = 2*q**2 - 16. What is the remainder when 61 is divided by f(-4)?
13
Suppose 3*c - 2*c - 5*x = 27, -5*x = -2*c + 29. Let f(s) = 2*s**3 + 2*s - 2. Calculate the remainder when 52 is divided by f(c).
16
Let j be (1 + -2)/1 + -3. Calculate the remainder when (15/j + -1)*-4 is divided by 11.
8
Suppose -4*s - 216 = -3*w - 2*s, -4*s = -2*w + 136. Let k(o) = -23*o + 2. What is the remainder when w is divided by k(-1)?
24
Calculate the remainder when (-484)/(-10) + (-1 - 9/(-15)) is divided by 17.
14
Let h(r) = -20*r**3 + 4*r + 1. Calculate the remainder when h(-2) is divided by 14.
13
Suppose -27*g = -22*g - 55. What is the remainder when 13 is divided by g?
2
Let p be -3*(1 + (-123)/9). What is the remainder when p - (-2 - -4 - 1) is divided by 1/(0 - -1)*19?
18
Let s be -2*(2 + -2 + 2). Suppose -3*j + g = -g - 8, 3*g - 15 = 0. Let t = j - s. Calculate the remainder when t is divided by 6.
4
Let b = 4 + -2. Suppose b*m = -2*m + 44. Let x = 21 - -10. Calculate the remainder when x is divided by m.
9
Let b be (-4*(-10)/4)/(-2). Let d = b - -7. Suppose -o - 21 = -d*o. Calculate the remainder when o is divided by 11.
10
Let y = 24 + 21. Suppose -53 = -3*m + m - 3*w, 0 = -2*m + 5*w + y. What is the remainder when m is divided by 13?
12
What is the remainder when (-128)/(-48)*(-1 + 7) is divided by 11?
5
Let l = 2 - 11. Let t = l + 7. What is the remainder when -12*(t - (-7)/(-4)) is divided by 12?
9
Let k(v) = -369*v - 24. Let c(j) = 46*j + 3. Let q(p) = 33*c(p) + 4*k(p). Calculate the remainder when q(2) is divided by 18.
15
Suppose -4*r + 4*t = 40, 3*r = r - t - 32. Let a be (-60)/(-14) - r/(-49). What is the remainder when 22 is divided by a/(4/2)*4?
6
Let h be (-139)/4 + (-7)/28. Let x = h + 51. Suppose -x = -5*q + q. Calculate the remainder when q is divided by 3.
1
Let l be -2 + 260 + (4 - 1). Suppose 0 = d + 3*o - 71, 0 = -4*d + o + l - 16. What is the remainder when d is divided by 21?
20
Let w(q) = 2*q + 53. Let p be ((-2)/(-3))/(2/33). Let x = p - 3. What is the remainder when w(-19) is divided by x?
7
Suppose 10*l = 2*l + 472. Calculate the remainder when l is divided by 15.
14
Let c = 3 + 3. Let t be c + -5 - 4*-1. Let z(r) = 2*r + 7. What is the remainder when z(t) is divided by 9?
8
Let f(q) = -q**2 - 16*q - 21. Suppose -i + 10 = 5. What is the remainder when f(-14) is divided by i?
2
Let o = -20 - -46. Calculate the remainder when o is divided by 14.
12
Let f = 7 + 1. Calculate the remainder when 30 is divided by f.
6
Let y = -34 - -54. What is the remainder when 75 is divided by y?
15
Let k = 49 - 35. What is the remainder when k is divided by 8?
6
Suppose -17 = 3*i - 95. Suppose z + 4*z = 3*o - i, 3*z = -12. What is the remainder when 5 is divided by o?
1
Let n(q) = -q**2 - 7*q + 2. Calculate the remainder when 29 is divided by n(-6).
5
Suppose 21 - 71 = -5*s. What is the remainder when s is divided by (12/18)/((-6)/(-27))?
1
Suppose 0 = 4*a + 2*z - 22, -3*a + 2*z + 17 - 4 = 0. What is the remainder when 9 is divided by a?
4
Let g(u) = u**2 - 6*u - 4. Let s be g(-5). Suppose b = 4*b - s. What is the remainder when b is divided by 9?
8
Suppose -3*d = 2*d. Let c = -236 - -241. What is the remainder when c is divided by (-2)/(4/(-6)) + d?
2
Let m = 40 - 11. Let a = 47 - m. Calculate the remainder when 34 is divided by a.
16
Suppose 5*b - 3 = 142. Calculate the remainder when 114 is divided by b.
27
Suppose -2*d + 18 = d. Suppose 4*u = 70 + d. What is the remainder when (171 + 81/(-9))*(-1)/(-3) is divided by u?
16
Let k = 52 + -9. What is the remainder when k is divided by 12?
7
What is the remainder when 116 is divided by (-3 + 19/2)*2?
12
Suppose 3*s + 38 = -3*h + 98, -112 = -5*h - 2*s. What is the remainder when h is divided by 9?
6
Let y(u) = -u**3 + 4*u**2 + 6*u - 5. Let c be y(5). Suppose c*b + 70 = 2*b. Let z(p) = -p**2 - 9*p - 2. What is the remainder when b is divided by z(-7)?
11
Let d be ((-13)/(-3))/(1/21). Let s = d + -41. Let v = 84 - s. What is the remainder when v is divided by 12?
10
Let i = -12 - -61. Let n(s) = -s - 1. Let w be n(-3). Let t(p) = 9*p - 1. Calculate the remainder when i is divided by t(w).
15
Calculate the remainder when ((-333)/(-21))/3 + 6/(-21) is divided by 4.
1
Suppose -3*r + 5 = -4*r - 4*y, -r = -y - 15. Let j = 18 + 13. Calculate the remainder when j is divided by r.
9
Let p(m) = m**2 - 3*m - 3. Let z be p(5). Let r = z - -6. What is the remainder when r is divided by 5?
3
Suppose -4*w = 2*x - 12, -4*x - w = x - 12. W